ghest common factor of 176 and 11.
11
Calculate the highest common divisor of 45 and 3357.
9
Calculate the highest common divisor of 10266 and 1914.
174
Calculate the greatest common factor of 5 and 5.
5
Calculate the highest common divisor of 1309 and 4879.
119
What is the highest common divisor of 474 and 36?
6
What is the highest common divisor of 232 and 320?
8
What is the highest common factor of 42 and 4494?
42
Calculate the greatest common divisor of 216 and 504.
72
What is the greatest common factor of 90 and 3285?
45
Calculate the greatest common factor of 180 and 20.
20
What is the greatest common divisor of 11 and 352?
11
What is the greatest common factor of 13 and 1079?
13
What is the greatest common factor of 341 and 93?
31
What is the greatest common divisor of 21 and 483?
21
What is the greatest common factor of 2704 and 312?
104
Calculate the highest common factor of 671 and 427.
61
What is the greatest common divisor of 4 and 420?
4
Calculate the highest common divisor of 16762 and 51.
17
Calculate the highest common factor of 30 and 7410.
30
What is the greatest common divisor of 415 and 10?
5
What is the highest common factor of 595 and 170?
85
Calculate the highest common divisor of 52 and 130.
26
Calculate the greatest common factor of 255 and 102.
51
Calculate the greatest common divisor of 108 and 4.
4
What is the greatest common divisor of 22 and 1474?
22
Calculate the highest common factor of 79375 and 127.
127
What is the greatest common divisor of 1 and 127?
1
What is the highest common divisor of 18 and 2835?
9
Calculate the highest common factor of 58 and 3712.
58
What is the highest common factor of 19010 and 10?
10
Calculate the greatest common factor of 705 and 1269.
141
Calculate the greatest common factor of 931 and 686.
49
What is the highest common factor of 7312 and 64?
16
What is the greatest common divisor of 225 and 60?
15
What is the highest common divisor of 72 and 45?
9
What is the greatest common factor of 242 and 13673?
121
Calculate the greatest common divisor of 11 and 50226.
11
What is the greatest common divisor of 4 and 2734?
2
What is the highest common divisor of 104 and 1092?
52
What is the highest common factor of 1082 and 2?
2
Calculate the greatest common divisor of 456 and 48.
24
What is the highest common divisor of 5 and 5535?
5
Calculate the highest common factor of 10 and 130.
10
Calculate the highest common divisor of 250 and 2.
2
Calculate the greatest common factor of 30 and 3270.
30
Calculate the highest common divisor of 32280 and 30.
30
Calculate the highest common factor of 999 and 27.
27
What is the greatest common factor of 347 and 6?
1
What is the greatest common divisor of 26 and 4?
2
What is the greatest common divisor of 14 and 112?
14
Calculate the highest common divisor of 188 and 658.
94
What is the highest common factor of 89700 and 390?
390
What is the greatest common factor of 1746 and 5044?
194
Calculate the greatest common factor of 51 and 4403.
17
Calculate the highest common divisor of 32757 and 183.
183
What is the greatest common factor of 22795 and 97?
97
What is the highest common factor of 2695 and 154?
77
What is the greatest common divisor of 18 and 108846?
18
What is the highest common divisor of 748 and 52?
4
What is the highest common divisor of 7380 and 240?
60
What is the greatest common factor of 5103 and 147?
21
What is the greatest common divisor of 567 and 306?
9
What is the highest common factor of 55 and 5?
5
What is the greatest common divisor of 546 and 42?
42
Calculate the greatest common divisor of 306 and 1887.
51
What is the highest common divisor of 50 and 32?
2
What is the greatest common divisor of 1302 and 126?
42
What is the highest common factor of 300 and 12?
12
Calculate the greatest common factor of 190 and 1387.
19
Calculate the highest common divisor of 16 and 200.
8
Calculate the highest common divisor of 64 and 136.
8
What is the greatest common factor of 44 and 140?
4
Calculate the greatest common factor of 13 and 689.
13
Calculate the highest common divisor of 140 and 330.
10
Calculate the highest common divisor of 2629 and 11.
11
What is the greatest common divisor of 600 and 225?
75
Calculate the greatest common factor of 200 and 280.
40
What is the greatest common factor of 33 and 3?
3
Calculate the highest common factor of 16 and 1824.
16
Calculate the highest common divisor of 48 and 156.
12
Calculate the highest common divisor of 15 and 410.
5
What is the highest common divisor of 912 and 432?
48
What is the highest common divisor of 1728 and 6?
6
What is the highest common factor of 4 and 128?
4
What is the highest common divisor of 176 and 208?
16
What is the highest common divisor of 738 and 300?
6
What is the highest common divisor of 35805 and 155?
155
What is the greatest common factor of 10 and 46?
2
Calculate the highest common factor of 2665 and 130.
65
What is the greatest common factor of 64 and 16064?
64
What is the greatest common divisor of 84 and 5334?
42
Calculate the highest common divisor of 884 and 17.
17
What is the greatest common divisor of 12 and 2292?
12
Calculate the greatest common factor of 335 and 10.
5
What is the greatest common divisor of 1040 and 65?
65
What is the highest common divisor of 76 and 3287?
19
Calculate the highest common divisor of 4 and 308.
4
What is the greatest common factor of 20 and 830?
10
Calculate the greatest common factor of 216 and 30.
6
Calculate the highest common factor of 4304 and 48.
16
What is the greatest common factor of 1228 and 4?
4
Calculate the greatest common factor of 40 and 3320.
40
Calculate the greatest common divisor of 14 and 7126.
14
What is the greatest common factor of 896 and 1036?
28
Calculate the greatest common divisor of 1 and 243.
1
Calculate the highest common divisor of 2783 and 46.
23
Calculate the greatest common factor of 468 and 650.
26
Calculate the highest common factor of 360 and 960.
120
What is the greatest common factor of 556 and 8?
4
What is the highest common divisor of 52216 and 244?
244
What is the greatest common divisor of 70 and 14?
14
What is the highest common divisor of 11 and 176?
11
Calculate the greatest common factor of 225 and 975.
75
What is the greatest common divisor of 2040 and 187?
17
What is the greatest common divisor of 650 and 52?
26
Calculate the greatest common factor of 162 and 12.
6
What is the highest common factor of 30 and 915?
15
Calculate the greatest common divisor of 268 and 201.
67
What is the greatest common factor of 51 and 1411?
17
Calculate the greatest common factor of 1139 and 201.
67
Calculate the highest common divisor of 32 and 56.
8
What is the highest common divisor of 936 and 288?
72
Calculate the greatest common divisor of 235 and 1504.
47
What is the greatest common factor of 3689 and 238?
119
Calculate the greatest common divisor of 41 and 943.
41
What is the greatest common divisor of 98 and 2989?
49
Calculate the greatest common factor of 28 and 434.
14
What is the greatest common divisor of 256 and 192?
64
Calculate the greatest common factor of 2310 and 315.
105
What is the greatest common factor of 248 and 155?
31
Calculate the highest common factor of 7 and 2478.
7
What is the greatest common divisor of 46 and 644?
46
What is the highest common divisor of 792 and 3069?
99
What is the greatest common divisor of 510 and 30?
30
What is the highest common divisor of 424 and 32?
8
What is the highest common factor of 50 and 1850?
50
What is the greatest common factor of 2 and 187?
1
What is the greatest common divisor of 693 and 154?
77
Calculate the highest common divisor of 64 and 776.
8
What is the greatest common divisor of 3818 and 92?
46
What is the highest common divisor of 1568 and 98?
98
What is the highest common divisor of 296 and 37?
37
What is the greatest common divisor of 1612 and 247?
13
What is the greatest common divisor of 184 and 1?
1
What is the highest common divisor of 200 and 15?
5
What is the greatest common divisor of 915 and 4209?
183
Calculate the highest common factor of 170 and 272.
34
Calculate the highest common factor of 20 and 6590.
10
Calculate the greatest common factor of 65 and 520.
65
What is the highest common factor of 245